8 = 4*l, -m - 4*m + 4*l + 247 = 0. Suppose -5*z = o - 2*o - 4, -4 = -3*z + o. Suppose z - 34 = -q. Calculate the highest common factor of q and m.
17
Let n = 576 - 384. Calculate the highest common divisor of 24 and n.
24
Let d = 15 - 15. Suppose d*p - 64 = -p. Calculate the highest common divisor of p and 16.
16
Let t be 2/(-6) + (-97)/(-3). Suppose -4*p + 5*d = -108, 2*p - 2*d = 8 + 48. What is the highest common divisor of t and p?
32
Let x(a) = -2*a - 1 + 4*a - 26*a**3 - a**2 - 57*a**3. Let b be x(1). Let g = -59 - b. Calculate the highest common divisor of g and 6.
6
Let x be -5*(-4 + 2 - 0). Let u be x/(-4)*2*-20. What is the greatest common divisor of u and 20?
20
Let o = 73 + -52. Suppose 3*u + 18 + 18 = 0. Let g = o + u. What is the greatest common factor of 45 and g?
9
Let j be (-4)/((18/(-16))/9). Calculate the greatest common divisor of 160 and j.
32
Let z = 38 - 17. What is the greatest common divisor of 168 and z?
21
Suppose -9*w - 56 = -13*w. What is the highest common divisor of w and 7?
7
Suppose 5*a - 56 = -6. Suppose 5*m = 2*c - a, -6 = 2*c + 4*m + 2. Let p(q) = -q**3 - q**2 + q + 4. Let k be p(c). What is the greatest common factor of 4 and k?
4
Suppose -5*h + 5*p = 2*p - 11, -2*p = 4. Let a = 3 - h. Let z be (a + -5 - -1)/(-2). Calculate the highest common divisor of z and 8.
1
Let r be ((-13)/(-3))/((-8)/(-24)). What is the highest common factor of r and 117?
13
Let d be 1326/(-13)*(-2)/3. Let b be 11*2 + 2 + 2. Let a = b + -9. What is the highest common factor of d and a?
17
Suppose 0 = 3*r - r - 18. Let a = 26 + 10. Calculate the highest common divisor of a and r.
9
Let b = 42 - 23. Suppose -5*i = 3*c - b, -4*c = -0*i + i - 48. Calculate the highest common factor of 52 and c.
13
Let n be 5800/18 + 10/(-45). Suppose 0 = 7*y - 0*y - n. Calculate the highest common divisor of y and 115.
23
Let j be (-6)/8 + 54/8. What is the highest common divisor of 30 and j?
6
Suppose -11 = -3*t + 2*t. Suppose 5*m - t = 119. Calculate the highest common divisor of 26 and m.
26
Let s = 0 - -6. Let k be (-361)/(-6) + (-1)/s. What is the highest common divisor of 15 and k?
15
Let s(y) = -69*y**3 + y**2 - 1. Let x be s(-1). What is the greatest common divisor of x and 23?
23
Suppose 0 = -4*x - 4*i + 70 + 126, 139 = 3*x + i. Calculate the greatest common divisor of x and 9.
9
Let r(y) be the first derivative of 5*y**2 - 2*y - 1/3*y**3 + 1. Let l be r(9). What is the highest common divisor of l and 7?
7
Let a(q) be the first derivative of -2*q**2 - 3. Let r be a(-3). Let d be ((-4)/(-6))/((-2)/(-36)). Calculate the highest common factor of r and d.
12
Let n be 4/3*9/(-6). Let l be 1/2*n*1. Let f(w) = -29*w**3 - 2*w - 1. Let o be f(l). What is the highest common factor of o and 10?
10
Let r(p) = p**3 + 7*p**2 + 6*p + 4. Let y = -14 - -8. Let b be r(y). Calculate the highest common divisor of 20 and b.
4
Let y(u) = 4*u. Let k(c) = -3*c - 1. Let o(h) = -5*k(h) - 4*y(h). Let i be o(4). Let z = 0 + i. Calculate the greatest common factor of z and 8.
1
Let g(j) = -j**3 + 2*j**2 + j + 9. Let f be g(0). Calculate the greatest common divisor of 72 and f.
9
Suppose -x - 4 = -22. What is the greatest common factor of 90 and x?
18
Suppose 4*b = -h - 2*h + 137, -h + 69 = 2*b. Suppose 25*d = 29*d - 20. Calculate the highest common divisor of d and b.
5
Suppose 3*p = 5*y - 11 - 100, 5*p = 15. Calculate the highest common factor of y and 16.
8
Let w be -2*(-3)/3 + 18. Calculate the highest common divisor of w and 140.
20
Let l(n) be the second derivative of -n**3/6 + 4*n**2 + n. Let o be l(0). Calculate the highest common factor of o and 56.
8
Let u = -2 - -23. Suppose -4*i - 113 = -j, -5*j - 3*i + 256 = -263. Calculate the greatest common factor of u and j.
21
Suppose -2*w - 4*q + 0*q + 52 = 0, 2*w - 40 = -q. Calculate the greatest common divisor of 9 and w.
9
Suppose 15*w = -1 + 46. What is the highest common factor of w and 1?
1
Let u(v) = v**3 - 8*v + 7. Let g be u(5). What is the greatest common divisor of 138 and g?
46
Let a = -331 - -469. Let y = 25 - 23. Suppose -6 - 40 = -y*j. What is the greatest common factor of j and a?
23
Let j = 3 - 3. Let x be (-38)/6*(-3 - j). Let v be (-57)/6*(0 + -2). Calculate the highest common divisor of x and v.
19
Let m = 26 + -18. Let i be (-5)/20 - (-33)/4. What is the highest common factor of i and m?
8
Let g = 410 + 85. Calculate the greatest common divisor of g and 45.
45
Let q(h) = 18*h - 12. Let a(y) = -y**3 - 12*y**2 + 13*y + 4. Let r be a(-13). Let s be q(r). What is the highest common divisor of s and 10?
10
Let b = -10 + 19. Calculate the highest common factor of 9 and b.
9
Suppose -4*m = -2*m - 30. Suppose 0 = 5*j + 35 - 10, 3*z + j = 4. What is the highest common divisor of m and z?
3
Let d(i) = i**3 + 8*i**2 + 6*i - 3. Let q be d(-7). Calculate the highest common factor of q and 12.
4
Let t be -6 + 6 - (-303 - 1). Suppose -p = 4*l - 70, t = 3*p + 2*p - 3*l. Calculate the highest common divisor of p and 93.
31
Let f be 14/70 + (-69)/(-5). What is the greatest common divisor of f and 126?
14
Suppose p - 19 = 4*s, 2*s + 32 = 4*p - 3*s. Calculate the greatest common factor of p and 4.
1
Suppose 6*m = m + 155. Calculate the highest common factor of 31 and m.
31
Let n(y) = 2*y**2 - 9*y + 9. Let m be n(6). Calculate the highest common factor of m and 18.
9
Let n(z) = 3*z**2 + 3*z - 3. Let u be n(2). Let d = 107 + 28. What is the highest common factor of d and u?
15
Let t = 285 - 87. What is the greatest common divisor of 22 and t?
22
Suppose -23 + 7 = -2*o. Calculate the greatest common divisor of 32 and o.
8
Suppose 150 = 4*f + 4*n - 58, 0 = -n. What is the highest common divisor of f and 26?
26
Suppose -5*w = -2*t - 48, -6*w = -w + 4*t - 54. Suppose -6*g + 52 - w = 0. Calculate the highest common divisor of g and 49.
7
Let r(i) = -i**3 + 6*i**2 + 5*i. Let g = -1 + 8. Let p be r(g). Let k = p - -22. Calculate the highest common factor of 24 and k.
8
Let h be (1 - -1)/(8/180). What is the greatest common divisor of h and 9?
9
Suppose -7*q + 90 = -29. What is the greatest common factor of q and 187?
17
Let j(t) = t**3 + 5*t**2 - 3*t - 8. Let n be j(-4). Suppose -6*p + 3*p + 24 = 0. What is the greatest common divisor of n and p?
4
Let n be (0 + 9/(-12))*12. Let d = 13 + n. Calculate the highest common divisor of 12 and d.
4
Let y = 469 + -241. Calculate the greatest common divisor of 24 and y.
12
Let f be (0 - -4)*6 - 4. Calculate the highest common divisor of f and 20.
20
Suppose 0*q = -4*q + 120. Calculate the greatest common factor of q and 10.
10
Suppose -5*b = -b. Suppose 3*f = 4*h + h + 37, 2*f - 3*h = 25. Suppose b = -5*x + f + 121. Calculate the greatest common factor of x and 9.
9
Let p = -71 + 172. Suppose 5*v + 16 = p. Suppose u - v + 5 = 0. What is the greatest common factor of 36 and u?
12
Suppose 0*n + 1072 = 4*n. Suppose 4*s = 4*d - n, -4*d + s + 207 = -d. What is the highest common divisor of d and 10?
10
Suppose 0 = w - 1, -6*z + z + w = -44. What is the greatest common factor of 99 and z?
9
Let p = -35 + 40. Let w(q) = -21*q - 1. Let a be (4/6)/(4/(-6)). Let h be w(a). Calculate the highest common factor of h and p.
5
Let w = 105 + 39. What is the greatest common divisor of w and 16?
16
Suppose 3*t = 8*t - 5*r - 10, r = -2*t + 1. What is the highest common factor of 8 and t?
1
Suppose j + 24 = 4*j. What is the highest common factor of j and 16?
8
Suppose -17*m + 1656 = -9*m. Calculate the highest common divisor of 23 and m.
23
Let u(q) = 3 + q + 0 + q. Suppose 2*p + 2*p - 36 = 0. Let w be u(p). Calculate the greatest common divisor of w and 7.
7
Let g be 63 + 5/(10/(-6)). What is the greatest common divisor of g and 40?
20
Suppose 6*f - 2*f - 2*c = 10, 5*f = 5*c + 5. Suppose f*k - 37 = 19. Calculate the highest common divisor of k and 112.
14
Let w be (-362)/(-8) + (-5)/20. Suppose -i + u = -w, 0 = 4*i + 2*u - 91 - 113. Calculate the greatest common divisor of i and 7.
7
Let n(q) = -q - 8. Suppose -3*k - 24 = -t, 3*k = -t - 30 - 0. Let i be n(k). What is the greatest common divisor of 6 and i?
1
Let z = 0 + 0. Let o be (-3 - z) + 21 + -3. Let l(a) = 2*a**2 - 3*a + 3. Let p be l(2). What is the greatest common divisor of o and p?
5
Let j = 51 + -7. Let v = 47 - 36. What is the highest common 